et y = m - -9. Suppose 0*c = -c + 121. Calculate the greatest common factor of c and y.
11
Suppose -b + 2 = 4*s - 8*s, 3*s = 3. Calculate the highest common factor of b and 7.
1
Let j = 5 - -5. Suppose 40 - 4 = 2*q + 4*i, -3*q = 2*i - 54. Let b be 4/(1 - q/20). What is the highest common divisor of b and j?
10
Let v(d) = d - 30. Let j be v(0). Let r = 78 + j. Calculate the greatest common factor of 120 and r.
24
Let h(j) = -j**2 + 6*j - 4. Let k be h(2). Let z(s) = s**2 + 9*s - 11. Let g be z(-8). Let w = -9 - g. Calculate the greatest common factor of k and w.
2
Suppose -k - 2*n = -32, 2*k = 5*k - 2*n - 88. Calculate the highest common factor of k and 2670.
30
Let w(o) = -o**3 - 8*o**2 + 7*o - 1. Let k be w(-9). Let v = k + 8. Calculate the highest common factor of v and 225.
25
Suppose 108 = 3*y - 12. Suppose 0 = -6*i + 2*i + 164. Suppose -3 = -4*m + 4*w + i, w + 27 = 2*m. What is the greatest common factor of m and y?
8
Let k = 144 - 140. Suppose 2*c + 3*b + k = 19, b = 3*c - 28. Calculate the greatest common factor of c and 81.
9
Let z be (-497)/(-28) + (-11)/(-44). What is the highest common factor of 729 and z?
9
Suppose 0 = 2*r - 8 + 2. Let w(l) be the third derivative of l**5/30 + 22*l**2. Let v be w(r). Calculate the greatest common factor of v and 18.
18
Suppose -6*z + 15 - 3 = 0. Suppose 2*j + 7 = -1, 2*m + z*j - 146 = 0. Suppose 0 = -5*k + 80 - 25. Calculate the greatest common divisor of m and k.
11
Let x be (1/((-15)/228))/(5/(-25)). Let s(h) = -189*h**3 + 2*h**2 + h. Let d be s(-1). What is the greatest common divisor of d and x?
38
Let f = -132 - -137. Calculate the highest common factor of 30 and f.
5
Let i be 5*(249/83 + (-4)/5). What is the greatest common divisor of i and 3905?
11
Let j be (-5 + 5/2)*16/(-10). Suppose -j*k - 15 = 4*u - 79, -2*u = -5*k - 11. Calculate the highest common divisor of 169 and u.
13
Let i = 48 + 42. Suppose i = -4*p + 5*p. Suppose p = 12*f - 11*f. What is the highest common divisor of 36 and f?
18
Suppose -4*x = -u - 304, -2*x + 111 + 41 = -4*u. What is the highest common divisor of x and 19?
19
Let w = 285 - 165. Suppose a - 3*l - 69 = -a, -81 = -3*a - 3*l. What is the greatest common divisor of a and w?
30
Let r(v) = 116*v**2 - 13*v + 1. Let y be r(1). What is the greatest common divisor of y and 572?
52
Let w(t) = 3*t - 57. Let l be w(25). Suppose 0*y - 5*y = -10. Let a(s) = 4*s - 2. Let d be a(y). Calculate the highest common factor of l and d.
6
Suppose 3*u - 33 = 3*z, -2*z + 53 = 5*u - 30. Suppose 5*y - 255 = 120. Calculate the highest common factor of u and y.
15
Let g = -995 - -1061. What is the highest common divisor of g and 54?
6
Let h = 46 - 55. Let s be h*(-4 - -3)*(3 - 2). What is the greatest common factor of s and 144?
9
Let x = 15 - 10. Suppose -2*w - 3*j + 75 = -8*j, 2*j = x*w - 219. Suppose 0*p = 4*p - 36. Calculate the greatest common factor of p and w.
9
Let m = -20 - -41. Let y = -132 - 54. Let p be (m + -23)/(4/y). What is the greatest common factor of 31 and p?
31
Let r = -140 - -85. Let x be (-285)/r + (-2)/11. Suppose 2*d = 5*d + 2*c - 26, -c - 22 = -2*d. Calculate the highest common divisor of x and d.
5
Suppose -5*s = 4*x - 98, -s - 5 = 5*x - 33. Let y = -18 - -36. What is the highest common factor of y and s?
18
Suppose -5*u - 20 + 1210 = 0. Calculate the greatest common factor of u and 34.
34
Let t = -164 - -174. Let i(s) = s**3 - 5*s**2 + 4*s + 3. Let k be i(4). Suppose -2 = -k*j + t. Calculate the highest common divisor of 4 and j.
4
Let g(i) = -4*i**3 + 4*i**2 - 5*i + 3. Let u be g(-4). Let a = u + -239. Calculate the highest common factor of a and 260.
52
Let r(y) = 57*y - 4. Suppose 17 + 11 = 4*a. Suppose 4*l = a + 1. Let z be r(l). What is the greatest common factor of z and 11?
11
Suppose 4*k + 10 = 6. Let n(o) = o**2 - 4*o + 5*o + o**2 - 15*o**3. Let c be n(k). Calculate the greatest common factor of c and 24.
8
Let k be (-122)/(-10) + 42/(-210). What is the greatest common divisor of 636 and k?
12
Let m(a) = 3*a + 1. Let h be m(1). Let t be -1 - (-55 - -3)/h. Calculate the highest common factor of 12 and t.
12
Suppose 4*b - 2546 = q, 5 = 4*q + 13. What is the highest common divisor of b and 12?
12
Let m be 14/49 + 156/(-7). Let t = m + 27. Suppose 5*l - 15 = 0, 4*f - 386 = t*l - 3*l. Calculate the highest common factor of f and 14.
14
Suppose 5*b + 5*n - 335 = 0, -2*b + 4*n + 126 = -26. Calculate the highest common divisor of 20 and b.
10
Let i(r) = r + 20. Let g be i(-16). Suppose -11 = -s + 2*y, 2*s + g*y + 11 = -7. Let b be (6 - -1)/(3 + -2). What is the highest common divisor of s and b?
1
Suppose 69*j = 67*j + 34. Suppose -13*f - 16 = -j*f. Calculate the greatest common divisor of f and 32.
4
Suppose -4*u - 125 = -5*w, -2*u - 129 = -5*w - 14. Suppose -b + w = 27. Let a = b + 8. What is the greatest common factor of 1 and a?
1
Let l = 451 - -65. Calculate the greatest common factor of 12 and l.
12
Suppose y - 251 = 4*r, -98*y + 2*r = -102*y + 968. Calculate the highest common factor of y and 36.
9
Suppose -125 = 9*u - 503. What is the highest common factor of u and 147?
21
Let n = -460 - -500. Calculate the greatest common factor of 280 and n.
40
Let n = -6 - -11. Suppose n*i = i + 64. Let x = -17 + 25. What is the greatest common divisor of i and x?
8
Suppose -y + 3*y - 140 = 0. Let r = 195 + -181. Calculate the greatest common factor of r and y.
14
Let u(g) = -g**3 + 193*g - 8. Let n be u(-14). Let f = -117 - -168. What is the highest common factor of n and f?
17
Let c be 19/(-5) + 12/15. Let d = 3 - c. Let m be 50*(-3 - (-21)/d). What is the highest common divisor of m and 5?
5
Suppose 2*t - 1232 = -4*z, -3*t - 330 = -z + 2*t. What is the greatest common factor of 10 and z?
10
Suppose l = -2*y + 35, 3*y - 2*l - 30 = 26. Suppose 6 = 5*t - 34. Let m = t + -2. What is the greatest common factor of y and m?
6
Suppose 45*p - 50*p + 190 = 0. Suppose p = m + w, 0 = -2*m + 2*w + 9 + 55. Let s(o) = 3*o - 7. Let l be s(7). What is the greatest common divisor of m and l?
7
Let x(l) = 5*l**2 + 18*l. Let i be x(-7). Calculate the highest common factor of i and 68.
17
Let m be 54/15*(-60)/(-8). Let a be (6*4/9)/(6/m). Calculate the greatest common divisor of a and 36.
12
Suppose -77 = -b + 4*y, -2*y = 5*b - 4*y - 331. Let h(s) = -s**3 + 4*s**2 + s + 1. Let m be h(3). What is the highest common divisor of m and b?
13
Let l = 203 - 181. Calculate the highest common factor of l and 242.
22
Suppose 3 = s, s + 146 + 49 = 3*v. Calculate the greatest common divisor of 154 and v.
22
Let p(m) = m**2 + 6*m + 1. Let d be p(-6). Let v(q) = 3*q + 2 - d - 2*q + q. Let x be v(1). Calculate the greatest common factor of x and 27.
3
Let y be 1622 - (-9 - 18)/3. Calculate the greatest common factor of y and 7.
7
Let t(q) = -q**3 + 3*q**2 - 1. Let v be t(2). Suppose 8 = h + w, 2*w - 29 = -4*h - 3*w. Suppose 4 + h = 5*n. Calculate the highest common divisor of n and v.
3
Let t = -36 - -57. Let n(u) = -u**2 - u + 15. Let o be n(0). Suppose -5*d + 0 = -o. Calculate the highest common factor of t and d.
3
Let n = 91 - 496. Let c = n + 783. What is the highest common factor of c and 42?
42
Suppose -10*t + 214 = -8*t. Let o = 148 - t. What is the highest common divisor of o and 369?
41
Let f(p) = p**3 + 6*p**2 + 2*p + 9. Let c be f(-6). Let u be -2 + 27 + 4 - -1. Let s = u + c. Calculate the greatest common factor of s and 18.
9
Let u = 100 - 98. Let j(h) = -h**2 - 5*h + 5. Let v be j(-5). Suppose 4*i - u*s - 28 = 0, 3*i = -0*i - v*s - 5. Calculate the highest common divisor of 2 and i.
1
Let y = -157 + 282. Suppose 3*v + y = -2*v. Let s be ((-40)/v)/((-4)/(-30)). What is the highest common divisor of s and 108?
12
Suppose 8*a - 3*a = 20. What is the highest common divisor of a and 5?
1
Suppose 4*h = 2*h - 2*b + 74, -76 = -2*h - 4*b. Suppose -20 = 3*c - 92. Calculate the highest common factor of c and h.
12
Suppose 4*b = -0*b + 88. Suppose -2*q = 4*s - 694, 4*s + 12*q - 11*q = 699. What is the greatest common factor of b and s?
22
Suppose 56 = i + 17. Suppose 5*h + 54 = 2*h. Let p be (52/(-12))/(3/h). What is the highest common factor of i and p?
13
Let k = 98 - 102. Let v(z) = -z**3 + 8. Let c be v(k). What is the highest common factor of c and 96?
24
Let a be 217/(5 + -12)*-11. What